{"id":153,"date":"2021-05-18T01:54:59","date_gmt":"2021-05-18T01:54:59","guid":{"rendered":"https:\/\/www.scoalagimnazialaanastasiepanuhusi.ro\/?page_id=153"},"modified":"2023-04-12T10:21:26","modified_gmt":"2023-04-12T07:21:26","slug":"academics","status":"publish","type":"page","link":"https:\/\/www.scoalagimnazialaanastasiepanuhusi.ro\/?page_id=153","title":{"rendered":"Diverse"},"content":{"rendered":"\t\t<div data-elementor-type=\"wp-page\" data-elementor-id=\"153\" class=\"elementor elementor-153\">\n\t\t\t\t\t\t<section class=\"elementor-section elementor-top-section elementor-element elementor-element-ea0ea05 elementor-section-boxed elementor-section-height-default elementor-section-height-default\" data-id=\"ea0ea05\" data-element_type=\"section\" data-e-type=\"section\" data-settings=\"{&quot;background_background&quot;:&quot;classic&quot;}\">\n\t\t\t\t\t\t<div class=\"elementor-container elementor-column-gap-no\">\n\t\t\t\t\t<div class=\"elementor-column elementor-col-100 elementor-top-column elementor-element elementor-element-85aee06\" data-id=\"85aee06\" data-element_type=\"column\" data-e-type=\"column\">\n\t\t\t<div class=\"elementor-widget-wrap elementor-element-populated\">\n\t\t\t\t\t\t<div class=\"elementor-element elementor-element-b34833b elementor-widget elementor-widget-heading\" data-id=\"b34833b\" data-element_type=\"widget\" data-e-type=\"widget\" data-widget_type=\"heading.default\">\n\t\t\t\t<div class=\"elementor-widget-container\">\n\t\t\t\t\t<h1 class=\"elementor-heading-title elementor-size-default\">Anastasie Panu<\/h1>\t\t\t\t<\/div>\n\t\t\t\t<\/div>\n\t\t\t\t\t<\/div>\n\t\t<\/div>\n\t\t\t\t\t<\/div>\n\t\t<\/section>\n\t\t\t\t<section class=\"elementor-section elementor-top-section elementor-element elementor-element-7123a0d elementor-section-boxed elementor-section-height-default elementor-section-height-default\" data-id=\"7123a0d\" data-element_type=\"section\" data-e-type=\"section\" data-settings=\"{&quot;background_background&quot;:&quot;classic&quot;}\">\n\t\t\t\t\t\t<div class=\"elementor-container elementor-column-gap-no\">\n\t\t\t\t\t<div class=\"elementor-column elementor-col-100 elementor-top-column elementor-element elementor-element-2c29ea0\" data-id=\"2c29ea0\" data-element_type=\"column\" data-e-type=\"column\">\n\t\t\t<div class=\"elementor-widget-wrap elementor-element-populated\">\n\t\t\t\t\t\t<div class=\"elementor-element elementor-element-ccb321e elementor-widget__width-inherit elementor-widget-mobile__width-inherit elementor-widget elementor-widget-heading\" data-id=\"ccb321e\" data-element_type=\"widget\" data-e-type=\"widget\" data-widget_type=\"heading.default\">\n\t\t\t\t<div class=\"elementor-widget-container\">\n\t\t\t\t\t<h6 class=\"elementor-heading-title elementor-size-default\">Prezentare general\u0103 a curriculumului nostru<br><\/h6>\t\t\t\t<\/div>\n\t\t\t\t<\/div>\n\t\t\t\t<div class=\"elementor-element elementor-element-2518153 elementor-widget elementor-widget-heading\" data-id=\"2518153\" data-element_type=\"widget\" data-e-type=\"widget\" data-widget_type=\"heading.default\">\n\t\t\t\t<div class=\"elementor-widget-container\">\n\t\t\t\t\t<h2 class=\"elementor-heading-title elementor-size-default\">Un angajament fa\u021b\u0103 de excelen\u021b\u0103<\/h2>\t\t\t\t<\/div>\n\t\t\t\t<\/div>\n\t\t\t\t<div class=\"elementor-element elementor-element-f85b75f elementor-widget-mobile__width-inherit elementor-widget-divider--view-line elementor-widget elementor-widget-divider\" data-id=\"f85b75f\" data-element_type=\"widget\" data-e-type=\"widget\" data-widget_type=\"divider.default\">\n\t\t\t\t<div class=\"elementor-widget-container\">\n\t\t\t\t\t\t\t<div class=\"elementor-divider\">\n\t\t\t<span class=\"elementor-divider-separator\">\n\t\t\t\t\t\t<\/span>\n\t\t<\/div>\n\t\t\t\t\t\t<\/div>\n\t\t\t\t<\/div>\n\t\t\t\t<div class=\"elementor-element elementor-element-f30c81c elementor-widget__width-initial elementor-widget-mobile__width-inherit elementor-widget elementor-widget-text-editor\" data-id=\"f30c81c\" data-element_type=\"widget\" data-e-type=\"widget\" data-widget_type=\"text-editor.default\">\n\t\t\t\t<div class=\"elementor-widget-container\">\n\t\t\t\t\t\t\t\t\t<p>\u00a0 \u00a0 \u00a0 \u00a0 \u00a0 \u00a0\u0218coala noastr\u0103 \u00ee\u0219i propune s\u0103 ofere tuturor elevilor no\u0219tri un curriculum vast \u0219i echilibrat, care ofer\u0103 activit\u0103\u021bi pline de satisfac\u021bie \u0219i stimulare pentru a-i preg\u0103ti pentru cea mai buna via\u021b\u0103 social\u0103 \u0219i cultural\u0103.\u00a0 \u00a0 \u00a0<\/p>\t\t\t\t\t\t\t\t<\/div>\n\t\t\t\t<\/div>\n\t\t\t\t<div class=\"elementor-element elementor-element-88101c5 elementor-widget__width-initial elementor-widget-mobile__width-inherit elementor-widget elementor-widget-text-editor\" data-id=\"88101c5\" data-element_type=\"widget\" data-e-type=\"widget\" data-widget_type=\"text-editor.default\">\n\t\t\t\t<div class=\"elementor-widget-container\">\n\t\t\t\t\t\t\t\t\t<p>Fie c\u0103 este vorba despre c\u0103rtile noastre sau de instruire practic\u0103, ne asigur\u0103m c\u0103 fiecare student prime\u0219te aten\u021bie personal\u0103 pentru a face fa\u021b\u0103 \u0219i a \u00eenflori \u00een fiecare materie pentru a ob\u021bine scoruri mai bune \u0219i un viitor mai luminos.&nbsp;<\/p>\t\t\t\t\t\t\t\t<\/div>\n\t\t\t\t<\/div>\n\t\t\t\t\t<\/div>\n\t\t<\/div>\n\t\t\t\t\t<\/div>\n\t\t<\/section>\n\t\t\t\t<section class=\"elementor-section elementor-top-section elementor-element elementor-element-465d6c1 elementor-section-boxed elementor-section-height-default elementor-section-height-default\" data-id=\"465d6c1\" data-element_type=\"section\" data-e-type=\"section\">\n\t\t\t\t\t\t<div class=\"elementor-container elementor-column-gap-no\">\n\t\t\t\t\t<div class=\"elementor-column elementor-col-100 elementor-top-column elementor-element elementor-element-eeac98a\" data-id=\"eeac98a\" data-element_type=\"column\" data-e-type=\"column\">\n\t\t\t<div class=\"elementor-widget-wrap elementor-element-populated\">\n\t\t\t\t\t\t<div class=\"elementor-element elementor-element-a7c49ba elementor-position-left elementor-vertical-align-middle elementor-widget elementor-widget-image-box\" data-id=\"a7c49ba\" data-element_type=\"widget\" data-e-type=\"widget\" data-widget_type=\"image-box.default\">\n\t\t\t\t<div class=\"elementor-widget-container\">\n\t\t\t\t\t<div class=\"elementor-image-box-wrapper\"><figure class=\"elementor-image-box-img\"><img fetchpriority=\"high\" decoding=\"async\" width=\"368\" height=\"368\" src=\"https:\/\/www.scoalagimnazialaanastasiepanuhusi.ro\/wp-content\/uploads\/2023\/04\/school-template-curriculum-img-1.jpg\" class=\"attachment-full size-full wp-image-615\" alt=\"\" srcset=\"https:\/\/www.scoalagimnazialaanastasiepanuhusi.ro\/wp-content\/uploads\/2023\/04\/school-template-curriculum-img-1.jpg 368w, https:\/\/www.scoalagimnazialaanastasiepanuhusi.ro\/wp-content\/uploads\/2023\/04\/school-template-curriculum-img-1-300x300.jpg 300w, https:\/\/www.scoalagimnazialaanastasiepanuhusi.ro\/wp-content\/uploads\/2023\/04\/school-template-curriculum-img-1-150x150.jpg 150w\" sizes=\"(max-width: 368px) 100vw, 368px\" \/><\/figure><div class=\"elementor-image-box-content\"><h3 class=\"elementor-image-box-title\">Informatic\u0103<\/h3><p class=\"elementor-image-box-description\">Experien\u021b\u0103 practic\u0103 cu cea mai recent\u0103 tehnologie. Avem instruit profesioni\u0219ti care lucreaz\u0103 \u00eendeaproape cu elevilor no\u0219tri, astfel \u00eenc\u00e2t ace\u0219tia s\u0103 fie preg\u0103ti\u021bi pentru lumea real\u0103.<span style=\"background-color: var(--ast-global-color-4);color: var(--ast-global-color-3);font-style: inherit;font-weight: inherit;font-family: inherit\"><\/span><\/p><\/div><\/div>\t\t\t\t<\/div>\n\t\t\t\t<\/div>\n\t\t\t\t<div class=\"elementor-element elementor-element-e2dba9a elementor-position-left elementor-vertical-align-middle elementor-widget elementor-widget-image-box\" data-id=\"e2dba9a\" data-element_type=\"widget\" data-e-type=\"widget\" data-widget_type=\"image-box.default\">\n\t\t\t\t<div class=\"elementor-widget-container\">\n\t\t\t\t\t<div class=\"elementor-image-box-wrapper\"><figure class=\"elementor-image-box-img\"><img decoding=\"async\" width=\"368\" height=\"368\" src=\"https:\/\/www.scoalagimnazialaanastasiepanuhusi.ro\/wp-content\/uploads\/2023\/04\/school-template-curriculum-img-2.jpg\" class=\"attachment-full size-full wp-image-616\" alt=\"\" srcset=\"https:\/\/www.scoalagimnazialaanastasiepanuhusi.ro\/wp-content\/uploads\/2023\/04\/school-template-curriculum-img-2.jpg 368w, https:\/\/www.scoalagimnazialaanastasiepanuhusi.ro\/wp-content\/uploads\/2023\/04\/school-template-curriculum-img-2-300x300.jpg 300w, https:\/\/www.scoalagimnazialaanastasiepanuhusi.ro\/wp-content\/uploads\/2023\/04\/school-template-curriculum-img-2-150x150.jpg 150w\" sizes=\"(max-width: 368px) 100vw, 368px\" \/><\/figure><div class=\"elementor-image-box-content\"><h3 class=\"elementor-image-box-title\">Art\u0103<\/h3><p class=\"elementor-image-box-description\">Oferim aripi arti\u0219tilor care ar dori s\u0103 o ia ca o carier\u0103 sau doar un hobby. Elevii no\u0219tri sunt instrui\u021bi de profesioni\u0219ti care \u00eei ajut\u0103 s\u0103-\u0219i dezvolte, s\u0103 \u00eenve\u021be \u0219i s\u0103-\u0219i perfec\u021bioneze abilit\u0103\u021bile \u00een timpul \u0219colii.<\/p><\/div><\/div>\t\t\t\t<\/div>\n\t\t\t\t<\/div>\n\t\t\t\t<div class=\"elementor-element elementor-element-f37d823 elementor-position-left elementor-vertical-align-middle elementor-widget elementor-widget-image-box\" data-id=\"f37d823\" data-element_type=\"widget\" data-e-type=\"widget\" data-widget_type=\"image-box.default\">\n\t\t\t\t<div class=\"elementor-widget-container\">\n\t\t\t\t\t<div class=\"elementor-image-box-wrapper\"><figure class=\"elementor-image-box-img\"><img decoding=\"async\" width=\"368\" height=\"368\" src=\"https:\/\/www.scoalagimnazialaanastasiepanuhusi.ro\/wp-content\/uploads\/2023\/04\/school-template-curriculum-img-3.jpg\" class=\"attachment-full size-full wp-image-617\" alt=\"\" srcset=\"https:\/\/www.scoalagimnazialaanastasiepanuhusi.ro\/wp-content\/uploads\/2023\/04\/school-template-curriculum-img-3.jpg 368w, https:\/\/www.scoalagimnazialaanastasiepanuhusi.ro\/wp-content\/uploads\/2023\/04\/school-template-curriculum-img-3-300x300.jpg 300w, https:\/\/www.scoalagimnazialaanastasiepanuhusi.ro\/wp-content\/uploads\/2023\/04\/school-template-curriculum-img-3-150x150.jpg 150w\" sizes=\"(max-width: 368px) 100vw, 368px\" \/><\/figure><div class=\"elementor-image-box-content\"><h3 class=\"elementor-image-box-title\">Umanitate<\/h3><p class=\"elementor-image-box-description\">Ne m\u00e2ndrim s\u0103 oferim cursuri de umanitate de top de la un personal dedicat \u0219i instruit. <\/p><\/div><\/div>\t\t\t\t<\/div>\n\t\t\t\t<\/div>\n\t\t\t\t<div class=\"elementor-element elementor-element-f4bd300 elementor-position-left elementor-vertical-align-middle elementor-widget elementor-widget-image-box\" data-id=\"f4bd300\" data-element_type=\"widget\" data-e-type=\"widget\" data-widget_type=\"image-box.default\">\n\t\t\t\t<div class=\"elementor-widget-container\">\n\t\t\t\t\t<div class=\"elementor-image-box-wrapper\"><figure class=\"elementor-image-box-img\"><img loading=\"lazy\" decoding=\"async\" width=\"368\" height=\"368\" src=\"https:\/\/www.scoalagimnazialaanastasiepanuhusi.ro\/wp-content\/uploads\/2023\/04\/school-template-curriculum-img-4.jpg\" class=\"attachment-full size-full wp-image-618\" alt=\"\" srcset=\"https:\/\/www.scoalagimnazialaanastasiepanuhusi.ro\/wp-content\/uploads\/2023\/04\/school-template-curriculum-img-4.jpg 368w, https:\/\/www.scoalagimnazialaanastasiepanuhusi.ro\/wp-content\/uploads\/2023\/04\/school-template-curriculum-img-4-300x300.jpg 300w, https:\/\/www.scoalagimnazialaanastasiepanuhusi.ro\/wp-content\/uploads\/2023\/04\/school-template-curriculum-img-4-150x150.jpg 150w\" sizes=\"(max-width: 368px) 100vw, 368px\" \/><\/figure><div class=\"elementor-image-box-content\"><h3 class=\"elementor-image-box-title\">Stiin\u021b\u0103<\/h3><p class=\"elementor-image-box-description\">Studiul \u00eencurajeaz\u0103 ra\u021bionamentul \u0219tiin\u021bific , descoperirile \u0219i inven\u021biile. Profesorii grozavi \u0219i laboratoarele bine echipate \u00eei ajut\u0103 pe elevi s\u0103 exploreze, s\u0103 descopere \u0219i s\u0103 experimenteze lucruri noi sub cea mai bun\u0103 supraveghere.<span style=\"background-color: var(--ast-global-color-4);color: var(--ast-global-color-3);font-style: inherit;font-weight: inherit;font-family: inherit\"><\/span><\/p><\/div><\/div>\t\t\t\t<\/div>\n\t\t\t\t<\/div>\n\t\t\t\t\t<\/div>\n\t\t<\/div>\n\t\t\t\t\t<\/div>\n\t\t<\/section>\n\t\t\t\t<section class=\"elementor-section elementor-top-section elementor-element elementor-element-0728546 elementor-section-boxed elementor-section-height-default elementor-section-height-default\" data-id=\"0728546\" data-element_type=\"section\" data-e-type=\"section\" data-settings=\"{&quot;background_background&quot;:&quot;classic&quot;}\">\n\t\t\t\t\t\t<div class=\"elementor-container elementor-column-gap-no\">\n\t\t\t\t\t<div class=\"elementor-column elementor-col-100 elementor-top-column elementor-element elementor-element-4d98400\" data-id=\"4d98400\" data-element_type=\"column\" data-e-type=\"column\">\n\t\t\t<div class=\"elementor-widget-wrap elementor-element-populated\">\n\t\t\t\t\t\t<div class=\"elementor-element elementor-element-25000ed elementor-position-left elementor-vertical-align-middle elementor-widget elementor-widget-image-box\" data-id=\"25000ed\" data-element_type=\"widget\" data-e-type=\"widget\" data-widget_type=\"image-box.default\">\n\t\t\t\t<div class=\"elementor-widget-container\">\n\t\t\t\t\t<div class=\"elementor-image-box-wrapper\"><figure class=\"elementor-image-box-img\"><img loading=\"lazy\" decoding=\"async\" width=\"368\" height=\"368\" src=\"https:\/\/www.scoalagimnazialaanastasiepanuhusi.ro\/wp-content\/uploads\/2023\/04\/school-template-curriculum-img-5.jpg\" class=\"attachment-full size-full wp-image-619\" alt=\"\" srcset=\"https:\/\/www.scoalagimnazialaanastasiepanuhusi.ro\/wp-content\/uploads\/2023\/04\/school-template-curriculum-img-5.jpg 368w, https:\/\/www.scoalagimnazialaanastasiepanuhusi.ro\/wp-content\/uploads\/2023\/04\/school-template-curriculum-img-5-300x300.jpg 300w, https:\/\/www.scoalagimnazialaanastasiepanuhusi.ro\/wp-content\/uploads\/2023\/04\/school-template-curriculum-img-5-150x150.jpg 150w\" sizes=\"(max-width: 368px) 100vw, 368px\" \/><\/figure><div class=\"elementor-image-box-content\"><h3 class=\"elementor-image-box-title\">Matematic\u0103<\/h3><p class=\"elementor-image-box-description\">\u00centelegerea jocului de numere si a logicii pentru a rezolva probleme din lumea reala. \u00cenvata matematica de la profesori si de la oameni de \u0219tiin\u021b\u0103 care o fac interesanta si distractiv\u0103 .<\/p><\/div><\/div>\t\t\t\t<\/div>\n\t\t\t\t<\/div>\n\t\t\t\t\t<\/div>\n\t\t<\/div>\n\t\t\t\t\t<\/div>\n\t\t<\/section>\n\t\t\t\t<\/div>\n\t\t","protected":false},"excerpt":{"rendered":"<p>Anastasie Panu Prezentare general\u0103 a curriculumului nostru Un angajament fa\u021b\u0103 de excelen\u021b\u0103 \u00a0 \u00a0 \u00a0 \u00a0 \u00a0 \u00a0\u0218coala noastr\u0103 \u00ee\u0219i propune s\u0103 ofere tuturor elevilor no\u0219tri un curriculum vast \u0219i echilibrat, care ofer\u0103 activit\u0103\u021bi pline de satisfac\u021bie \u0219i stimulare pentru a-i preg\u0103ti pentru cea mai buna via\u021b\u0103 social\u0103 \u0219i cultural\u0103.\u00a0 \u00a0 \u00a0 Fie c\u0103 este [&hellip;]<\/p>\n","protected":false},"author":1,"featured_media":0,"parent":0,"menu_order":0,"comment_status":"closed","ping_status":"closed","template":"","meta":{"site-sidebar-layout":"no-sidebar","site-content-layout":"page-builder","ast-site-content-layout":"default","site-content-style":"default","site-sidebar-style":"default","ast-global-header-display":"","ast-banner-title-visibility":"","ast-main-header-display":"","ast-hfb-above-header-display":"","ast-hfb-below-header-display":"","ast-hfb-mobile-header-display":"","site-post-title":"disabled","ast-breadcrumbs-content":"disabled","ast-featured-img":"disabled","footer-sml-layout":"","ast-disable-related-posts":"","theme-transparent-header-meta":"default","adv-header-id-meta":"","stick-header-meta":"","header-above-stick-meta":"","header-main-stick-meta":"","header-below-stick-meta":"","astra-migrate-meta-layouts":"default","ast-page-background-enabled":"default","ast-page-background-meta":{"desktop":{"background-color":"","background-image":"","background-repeat":"repeat","background-position":"center center","background-size":"auto","background-attachment":"scroll","background-type":"","background-media":"","overlay-type":"","overlay-color":"","overlay-opacity":"","overlay-gradient":""},"tablet":{"background-color":"","background-image":"","background-repeat":"repeat","background-position":"center center","background-size":"auto","background-attachment":"scroll","background-type":"","background-media":"","overlay-type":"","overlay-color":"","overlay-opacity":"","overlay-gradient":""},"mobile":{"background-color":"","background-image":"","background-repeat":"repeat","background-position":"center center","background-size":"auto","background-attachment":"scroll","background-type":"","background-media":"","overlay-type":"","overlay-color":"","overlay-opacity":"","overlay-gradient":""}},"ast-content-background-meta":{"desktop":{"background-color":"var(--ast-global-color-5)","background-image":"","background-repeat":"repeat","background-position":"center center","background-size":"auto","background-attachment":"scroll","background-type":"","background-media":"","overlay-type":"","overlay-color":"","overlay-opacity":"","overlay-gradient":""},"tablet":{"background-color":"var(--ast-global-color-5)","background-image":"","background-repeat":"repeat","background-position":"center center","background-size":"auto","background-attachment":"scroll","background-type":"","background-media":"","overlay-type":"","overlay-color":"","overlay-opacity":"","overlay-gradient":""},"mobile":{"background-color":"var(--ast-global-color-5)","background-image":"","background-repeat":"repeat","background-position":"center center","background-size":"auto","background-attachment":"scroll","background-type":"","background-media":"","overlay-type":"","overlay-color":"","overlay-opacity":"","overlay-gradient":""}},"footnotes":""},"class_list":["post-153","page","type-page","status-publish","hentry"],"_links":{"self":[{"href":"https:\/\/www.scoalagimnazialaanastasiepanuhusi.ro\/index.php?rest_route=\/wp\/v2\/pages\/153","targetHints":{"allow":["GET"]}}],"collection":[{"href":"https:\/\/www.scoalagimnazialaanastasiepanuhusi.ro\/index.php?rest_route=\/wp\/v2\/pages"}],"about":[{"href":"https:\/\/www.scoalagimnazialaanastasiepanuhusi.ro\/index.php?rest_route=\/wp\/v2\/types\/page"}],"author":[{"embeddable":true,"href":"https:\/\/www.scoalagimnazialaanastasiepanuhusi.ro\/index.php?rest_route=\/wp\/v2\/users\/1"}],"replies":[{"embeddable":true,"href":"https:\/\/www.scoalagimnazialaanastasiepanuhusi.ro\/index.php?rest_route=%2Fwp%2Fv2%2Fcomments&post=153"}],"version-history":[{"count":12,"href":"https:\/\/www.scoalagimnazialaanastasiepanuhusi.ro\/index.php?rest_route=\/wp\/v2\/pages\/153\/revisions"}],"predecessor-version":[{"id":882,"href":"https:\/\/www.scoalagimnazialaanastasiepanuhusi.ro\/index.php?rest_route=\/wp\/v2\/pages\/153\/revisions\/882"}],"wp:attachment":[{"href":"https:\/\/www.scoalagimnazialaanastasiepanuhusi.ro\/index.php?rest_route=%2Fwp%2Fv2%2Fmedia&parent=153"}],"curies":[{"name":"wp","href":"https:\/\/api.w.org\/{rel}","templated":true}]}}