{"id":1033,"date":"2024-12-11T14:27:12","date_gmt":"2024-12-11T12:27:12","guid":{"rendered":"https:\/\/www.scoalagimnazialaanastasiepanuhusi.ro\/?page_id=1033"},"modified":"2026-03-16T14:33:19","modified_gmt":"2026-03-16T12:33:19","slug":"proiecte-2","status":"publish","type":"page","link":"https:\/\/www.scoalagimnazialaanastasiepanuhusi.ro\/?page_id=1033","title":{"rendered":"Proiect eTwinning LET\u2019S COOK HEALTHY"},"content":{"rendered":"\t\t<div data-elementor-type=\"wp-page\" data-elementor-id=\"1033\" class=\"elementor elementor-1033\">\n\t\t\t\t\t\t<section class=\"elementor-section elementor-top-section elementor-element elementor-element-6f1f8d5 elementor-section-boxed elementor-section-height-default elementor-section-height-default\" data-id=\"6f1f8d5\" data-element_type=\"section\" data-e-type=\"section\">\n\t\t\t\t\t\t<div class=\"elementor-container elementor-column-gap-default\">\n\t\t\t\t\t<div class=\"elementor-column elementor-col-100 elementor-top-column elementor-element elementor-element-966020f\" data-id=\"966020f\" data-element_type=\"column\" data-e-type=\"column\">\n\t\t\t<div class=\"elementor-widget-wrap elementor-element-populated\">\n\t\t\t\t\t\t<div class=\"elementor-element elementor-element-ba14b08 elementor-widget elementor-widget-heading\" data-id=\"ba14b08\" data-element_type=\"widget\" data-e-type=\"widget\" data-widget_type=\"heading.default\">\n\t\t\t\t<div class=\"elementor-widget-container\">\n\t\t\t\t\t<h2 class=\"elementor-heading-title elementor-size-default\"><p align=\"center\" style=\"margin-bottom: 0in;line-height: normal\"><span lang=\"IT\" style=\"font-size: 20pt;, serif;border: 1pt none windowtext;padding: 0in\"><b>\u2018\u2019LET\u2019S COOK HEALTHY!\u201d eTwinning PROJECT<\/b><\/span><\/p><p align=\"center\" style=\"margin-bottom: 0in;line-height: normal\"><span style=\"color: var(--ast-global-color-2);font-size: 3.5rem;font-style: inherit;background-color: var(--ast-global-color-4)\"><\/span><\/p><\/h2>\t\t\t\t<\/div>\n\t\t\t\t<\/div>\n\t\t\t\t\t<\/div>\n\t\t<\/div>\n\t\t\t\t\t<\/div>\n\t\t<\/section>\n\t\t\t\t<section class=\"elementor-section elementor-top-section elementor-element elementor-element-a60c641 elementor-section-boxed elementor-section-height-default elementor-section-height-default\" data-id=\"a60c641\" data-element_type=\"section\" data-e-type=\"section\">\n\t\t\t\t\t\t<div class=\"elementor-container elementor-column-gap-default\">\n\t\t\t\t\t<div class=\"elementor-column elementor-col-100 elementor-top-column elementor-element elementor-element-b623427\" data-id=\"b623427\" data-element_type=\"column\" data-e-type=\"column\">\n\t\t\t<div class=\"elementor-widget-wrap elementor-element-populated\">\n\t\t\t\t\t\t<div class=\"elementor-element elementor-element-b3202cc elementor-widget elementor-widget-image\" data-id=\"b3202cc\" data-element_type=\"widget\" data-e-type=\"widget\" data-widget_type=\"image.default\">\n\t\t\t\t<div class=\"elementor-widget-container\">\n\t\t\t\t\t\t\t\t\t\t\t\t\t\t\t<img fetchpriority=\"high\" decoding=\"async\" width=\"454\" height=\"344\" src=\"https:\/\/www.scoalagimnazialaanastasiepanuhusi.ro\/wp-content\/uploads\/2024\/12\/etwinning-1.jpg\" class=\"attachment-large size-large wp-image-1035\" alt=\"\" srcset=\"https:\/\/www.scoalagimnazialaanastasiepanuhusi.ro\/wp-content\/uploads\/2024\/12\/etwinning-1.jpg 454w, https:\/\/www.scoalagimnazialaanastasiepanuhusi.ro\/wp-content\/uploads\/2024\/12\/etwinning-1-300x227.jpg 300w\" sizes=\"(max-width: 454px) 100vw, 454px\" \/>\t\t\t\t\t\t\t\t\t\t\t\t\t\t\t<\/div>\n\t\t\t\t<\/div>\n\t\t\t\t\t<\/div>\n\t\t<\/div>\n\t\t\t\t\t<\/div>\n\t\t<\/section>\n\t\t\t\t<section class=\"elementor-section elementor-top-section elementor-element elementor-element-5d1466b elementor-section-boxed elementor-section-height-default elementor-section-height-default\" data-id=\"5d1466b\" data-element_type=\"section\" data-e-type=\"section\">\n\t\t\t\t\t\t<div class=\"elementor-container elementor-column-gap-default\">\n\t\t\t\t\t<div class=\"elementor-column elementor-col-100 elementor-top-column elementor-element elementor-element-961dfd1\" data-id=\"961dfd1\" data-element_type=\"column\" data-e-type=\"column\">\n\t\t\t<div class=\"elementor-widget-wrap elementor-element-populated\">\n\t\t\t\t\t\t<div class=\"elementor-element elementor-element-77ed940 elementor-widget elementor-widget-text-editor\" data-id=\"77ed940\" data-element_type=\"widget\" data-e-type=\"widget\" data-widget_type=\"text-editor.default\">\n\t\t\t\t<div class=\"elementor-widget-container\">\n\t\t\t\t\t\t\t\t\t<p class=\"MsoNoSpacing\" style=\"text-align: justify; text-indent: .5in; line-height: 115%;\"><span lang=\"IT\" style=\"font-size: 12.0pt; line-height: 115%; font-family: 'Times New Roman',serif; mso-fareast-font-family: 'Times New Roman'; mso-ansi-language: IT; mso-fareast-language: RO;\">Comunitatea <b>eTwinning<\/b> faciliteaz\u0103 accesul cadrelor didactice la un mediu virtual de colaborare \u0219i schimb de experien\u021b\u0103, la parteneriate cu al\u021bi profesori \u0219i la activit\u0103\u021bi de formare profesional\u0103 al\u0103turi de colegi din \u021b\u0103rile europene.<\/span><\/p><p class=\"MsoNoSpacing\" style=\"text-align: justify; text-indent: .5in; line-height: 115%;\"><span lang=\"IT\" style=\"font-size: 12.0pt; line-height: 115%; font-family: 'Times New Roman',serif; mso-ansi-language: IT;\">\u00cen perioada 2024-2025 elevii claselor a II-a D \u0219i a VII-a A\u00a0\u00a0 de la \u0218coala Gimnazial\u0103 ,,Anastasie Panu\u201d\u00a0\u00a0 particip\u0103 la proiectul eTwinning <\/span><span lang=\"RO\" style=\"font-size: 12.0pt; line-height: 115%; font-family: 'Times New Roman',serif; color: #222222; mso-ansi-language: RO;\">,,<b>Let\u2019s Cook Healthy!<\/b>\u201d <b>( S\u0103 g\u0103tim s\u0103n\u0103tos<\/b>!), coordonat de <b>Colegio<\/b> <\/span><b><span lang=\"RO\" style=\"font-size: 12.0pt; line-height: 115%; font-family: 'Times New Roman',serif; mso-ansi-language: RO;\">Padre Torres Silva\u00a0 din Spania <\/span><\/b><span lang=\"RO\" style=\"font-size: 12.0pt; line-height: 115%; font-family: 'Times New Roman',serif; color: #222222; mso-ansi-language: RO;\">\u00een parteneriat cu \u0219coala noastr\u0103 \u0219i cu alte \u0219coli din: <b>Grecia, Fran\u021ba, Turcia, Portugalia, Polonia, Lituania \u0219i Italia.<\/b><\/span><\/p><p class=\"MsoNoSpacing\" style=\"text-align: justify; text-indent: .5in; line-height: 115%;\"><span lang=\"RO\" style=\"font-size: 12.0pt; line-height: 115%; font-family: 'Times New Roman',serif; color: #212529; background: white; mso-ansi-language: RO;\">Echipa din \u0219coala noastr\u0103 este coordonat\u0103 de prof. pentru \u00eenv\u0103\u021b\u0103m\u00e2nt primar, <b>Livia Ricu\u021ba<\/b> <b>Moro\u0219anu<\/b> \u0219i prof. de limba englez\u0103, <b>Mariela Aurora Profir<\/b>.\u00a0 <\/span><b><\/b><\/p><p>\u00a0<\/p><p class=\"MsoNoSpacing\" style=\"text-align: justify; text-indent: .5in; line-height: 115%;\"><span lang=\"RO\" style=\"font-size: 12.0pt; line-height: 115%; font-family: 'Times New Roman',serif; mso-ansi-language: RO;\">Proiectul educa\u021bional <b>\u201eLet\u2019s Cook Healthy!\u201d<\/b> reprezint\u0103 o ini\u021biativ\u0103 valoroas\u0103 de colaborare interna\u021bional\u0103, care \u00eembin\u0103 educa\u021bia pentru s\u0103n\u0103tate cu dezvoltarea competen\u021belor digitale \u0219i \u0219tiin\u021bifice \u00eentr-un mod atractiv \u0219i interactiv. Prin implicarea elevilor \u00een activit\u0103\u021bi de \u00eenv\u0103\u021bare colaborativ\u0103 \u0219i practic\u0103, proiectul promoveaz\u0103 un stil de via\u021b\u0103 s\u0103n\u0103tos, creeaz\u0103 contexte reale de utilizare a limbii engleze \u0219i \u00eencurajeaz\u0103 o abordare responsabil\u0103 fa\u021b\u0103 de alimenta\u021bie \u0219i s\u0103n\u0103tate. <\/span><span lang=\"IT\" style=\"font-size: 12.0pt; line-height: 115%; font-family: 'Times New Roman',serif; mso-ansi-language: IT;\">Aceste experien\u021be vor contribui la formarea unor tineri bine informa\u021bi \u0219i responsabili, preg\u0103ti\u021bi s\u0103 fac\u0103 alegeri s\u0103n\u0103toase \u0219i s\u0103 colaboreze eficient \u00eentr-o societate multicultural\u0103 \u0219i interconectat\u0103.<\/span><\/p>\t\t\t\t\t\t\t\t<\/div>\n\t\t\t\t<\/div>\n\t\t\t\t\t<\/div>\n\t\t<\/div>\n\t\t\t\t\t<\/div>\n\t\t<\/section>\n\t\t\t\t<section class=\"elementor-section elementor-top-section elementor-element elementor-element-cd23c12 elementor-section-boxed elementor-section-height-default elementor-section-height-default\" data-id=\"cd23c12\" data-element_type=\"section\" data-e-type=\"section\">\n\t\t\t\t\t\t<div class=\"elementor-container elementor-column-gap-default\">\n\t\t\t\t\t<div class=\"elementor-column elementor-col-100 elementor-top-column elementor-element elementor-element-144ee66\" data-id=\"144ee66\" data-element_type=\"column\" data-e-type=\"column\">\n\t\t\t<div class=\"elementor-widget-wrap elementor-element-populated\">\n\t\t\t\t\t\t<div class=\"elementor-element elementor-element-ea44aa5 elementor-widget elementor-widget-video\" data-id=\"ea44aa5\" data-element_type=\"widget\" data-e-type=\"widget\" data-settings=\"{&quot;video_type&quot;:&quot;hosted&quot;,&quot;controls&quot;:&quot;yes&quot;}\" data-widget_type=\"video.default\">\n\t\t\t\t<div class=\"elementor-widget-container\">\n\t\t\t\t\t\t\t<div class=\"e-hosted-video elementor-wrapper elementor-open-inline\">\n\t\t\t\t\t<video class=\"elementor-video\" src=\"https:\/\/www.scoalagimnazialaanastasiepanuhusi.ro\/wp-content\/uploads\/2024\/12\/WhatsApp-Video-2024-11-29-at-13.15.52_7c194578.mp4\" controls=\"\" preload=\"metadata\" controlsList=\"nodownload\"><\/video>\n\t\t\t\t<\/div>\n\t\t\t\t\t\t<\/div>\n\t\t\t\t<\/div>\n\t\t\t\t\t<\/div>\n\t\t<\/div>\n\t\t\t\t\t<\/div>\n\t\t<\/section>\n\t\t\t\t<section class=\"elementor-section elementor-top-section elementor-element elementor-element-3940c70 elementor-section-boxed elementor-section-height-default elementor-section-height-default\" data-id=\"3940c70\" data-element_type=\"section\" data-e-type=\"section\">\n\t\t\t\t\t\t<div class=\"elementor-container elementor-column-gap-default\">\n\t\t\t\t\t<div class=\"elementor-column elementor-col-100 elementor-top-column elementor-element elementor-element-0fa2ebc\" data-id=\"0fa2ebc\" data-element_type=\"column\" data-e-type=\"column\">\n\t\t\t<div class=\"elementor-widget-wrap elementor-element-populated\">\n\t\t\t\t\t\t<div class=\"elementor-element elementor-element-f571d75 elementor-widget elementor-widget-heading\" data-id=\"f571d75\" data-element_type=\"widget\" data-e-type=\"widget\" data-widget_type=\"heading.default\">\n\t\t\t\t<div class=\"elementor-widget-container\">\n\t\t\t\t\t<h2 class=\"elementor-heading-title elementor-size-default\">Poze eTwinning<\/h2>\t\t\t\t<\/div>\n\t\t\t\t<\/div>\n\t\t\t\t\t<\/div>\n\t\t<\/div>\n\t\t\t\t\t<\/div>\n\t\t<\/section>\n\t\t\t\t<section class=\"elementor-section elementor-top-section elementor-element elementor-element-8ab9ae5 elementor-section-boxed elementor-section-height-default elementor-section-height-default\" data-id=\"8ab9ae5\" data-element_type=\"section\" data-e-type=\"section\">\n\t\t\t\t\t\t<div class=\"elementor-container elementor-column-gap-default\">\n\t\t\t\t\t<div class=\"elementor-column elementor-col-100 elementor-top-column elementor-element elementor-element-0336b8f\" data-id=\"0336b8f\" data-element_type=\"column\" data-e-type=\"column\">\n\t\t\t<div class=\"elementor-widget-wrap elementor-element-populated\">\n\t\t\t\t\t\t<div class=\"elementor-element elementor-element-5b51df5 elementor-widget elementor-widget-image\" data-id=\"5b51df5\" data-element_type=\"widget\" data-e-type=\"widget\" data-widget_type=\"image.default\">\n\t\t\t\t<div class=\"elementor-widget-container\">\n\t\t\t\t\t\t\t\t\t\t\t\t\t\t\t<img decoding=\"async\" width=\"1024\" height=\"819\" src=\"https:\/\/www.scoalagimnazialaanastasiepanuhusi.ro\/wp-content\/uploads\/2024\/12\/WhatsApp-Image-2024-11-29-at-13.15.36_fa31e590-2-1024x819.jpg\" class=\"attachment-large size-large wp-image-1054\" alt=\"\" srcset=\"https:\/\/www.scoalagimnazialaanastasiepanuhusi.ro\/wp-content\/uploads\/2024\/12\/WhatsApp-Image-2024-11-29-at-13.15.36_fa31e590-2-1024x819.jpg 1024w, https:\/\/www.scoalagimnazialaanastasiepanuhusi.ro\/wp-content\/uploads\/2024\/12\/WhatsApp-Image-2024-11-29-at-13.15.36_fa31e590-2-300x240.jpg 300w, https:\/\/www.scoalagimnazialaanastasiepanuhusi.ro\/wp-content\/uploads\/2024\/12\/WhatsApp-Image-2024-11-29-at-13.15.36_fa31e590-2-768x614.jpg 768w, https:\/\/www.scoalagimnazialaanastasiepanuhusi.ro\/wp-content\/uploads\/2024\/12\/WhatsApp-Image-2024-11-29-at-13.15.36_fa31e590-2-1536x1229.jpg 1536w, https:\/\/www.scoalagimnazialaanastasiepanuhusi.ro\/wp-content\/uploads\/2024\/12\/WhatsApp-Image-2024-11-29-at-13.15.36_fa31e590-2.jpg 1600w\" sizes=\"(max-width: 1024px) 100vw, 1024px\" \/>\t\t\t\t\t\t\t\t\t\t\t\t\t\t\t<\/div>\n\t\t\t\t<\/div>\n\t\t\t\t<div class=\"elementor-element elementor-element-184669b elementor-widget elementor-widget-image\" data-id=\"184669b\" data-element_type=\"widget\" data-e-type=\"widget\" data-widget_type=\"image.default\">\n\t\t\t\t<div class=\"elementor-widget-container\">\n\t\t\t\t\t\t\t\t\t\t\t\t\t\t\t<img decoding=\"async\" width=\"1024\" height=\"819\" src=\"https:\/\/www.scoalagimnazialaanastasiepanuhusi.ro\/wp-content\/uploads\/2024\/12\/WhatsApp-Image-2024-11-29-at-13.15.36_271bb738-2-1024x819.jpg\" class=\"attachment-large size-large wp-image-1055\" alt=\"\" srcset=\"https:\/\/www.scoalagimnazialaanastasiepanuhusi.ro\/wp-content\/uploads\/2024\/12\/WhatsApp-Image-2024-11-29-at-13.15.36_271bb738-2-1024x819.jpg 1024w, https:\/\/www.scoalagimnazialaanastasiepanuhusi.ro\/wp-content\/uploads\/2024\/12\/WhatsApp-Image-2024-11-29-at-13.15.36_271bb738-2-300x240.jpg 300w, https:\/\/www.scoalagimnazialaanastasiepanuhusi.ro\/wp-content\/uploads\/2024\/12\/WhatsApp-Image-2024-11-29-at-13.15.36_271bb738-2-768x614.jpg 768w, https:\/\/www.scoalagimnazialaanastasiepanuhusi.ro\/wp-content\/uploads\/2024\/12\/WhatsApp-Image-2024-11-29-at-13.15.36_271bb738-2-1536x1229.jpg 1536w, https:\/\/www.scoalagimnazialaanastasiepanuhusi.ro\/wp-content\/uploads\/2024\/12\/WhatsApp-Image-2024-11-29-at-13.15.36_271bb738-2.jpg 1600w\" sizes=\"(max-width: 1024px) 100vw, 1024px\" \/>\t\t\t\t\t\t\t\t\t\t\t\t\t\t\t<\/div>\n\t\t\t\t<\/div>\n\t\t\t\t<div class=\"elementor-element elementor-element-a272293 elementor-widget elementor-widget-video\" data-id=\"a272293\" data-element_type=\"widget\" data-e-type=\"widget\" data-settings=\"{&quot;video_type&quot;:&quot;hosted&quot;,&quot;controls&quot;:&quot;yes&quot;}\" data-widget_type=\"video.default\">\n\t\t\t\t<div class=\"elementor-widget-container\">\n\t\t\t\t\t\t\t<div class=\"e-hosted-video elementor-wrapper elementor-open-inline\">\n\t\t\t\t\t<video class=\"elementor-video\" src=\"https:\/\/www.scoalagimnazialaanastasiepanuhusi.ro\/wp-content\/uploads\/2024\/12\/WhatsApp-Video-2024-11-29-at-13.15.45_bb2d5f47-2.mp4\" controls=\"\" preload=\"metadata\" controlsList=\"nodownload\"><\/video>\n\t\t\t\t<\/div>\n\t\t\t\t\t\t<\/div>\n\t\t\t\t<\/div>\n\t\t\t\t<div class=\"elementor-element elementor-element-6cf18c5 elementor-widget elementor-widget-image\" data-id=\"6cf18c5\" data-element_type=\"widget\" data-e-type=\"widget\" data-widget_type=\"image.default\">\n\t\t\t\t<div class=\"elementor-widget-container\">\n\t\t\t\t\t\t\t\t\t\t\t\t\t\t\t<img loading=\"lazy\" decoding=\"async\" width=\"1024\" height=\"819\" src=\"https:\/\/www.scoalagimnazialaanastasiepanuhusi.ro\/wp-content\/uploads\/2024\/12\/WhatsApp-Image-2024-11-29-at-13.15.37_88e5d391-2-1024x819.jpg\" class=\"attachment-large size-large wp-image-1058\" alt=\"\" srcset=\"https:\/\/www.scoalagimnazialaanastasiepanuhusi.ro\/wp-content\/uploads\/2024\/12\/WhatsApp-Image-2024-11-29-at-13.15.37_88e5d391-2-1024x819.jpg 1024w, https:\/\/www.scoalagimnazialaanastasiepanuhusi.ro\/wp-content\/uploads\/2024\/12\/WhatsApp-Image-2024-11-29-at-13.15.37_88e5d391-2-300x240.jpg 300w, https:\/\/www.scoalagimnazialaanastasiepanuhusi.ro\/wp-content\/uploads\/2024\/12\/WhatsApp-Image-2024-11-29-at-13.15.37_88e5d391-2-768x614.jpg 768w, https:\/\/www.scoalagimnazialaanastasiepanuhusi.ro\/wp-content\/uploads\/2024\/12\/WhatsApp-Image-2024-11-29-at-13.15.37_88e5d391-2-1536x1229.jpg 1536w, https:\/\/www.scoalagimnazialaanastasiepanuhusi.ro\/wp-content\/uploads\/2024\/12\/WhatsApp-Image-2024-11-29-at-13.15.37_88e5d391-2.jpg 1600w\" sizes=\"(max-width: 1024px) 100vw, 1024px\" \/>\t\t\t\t\t\t\t\t\t\t\t\t\t\t\t<\/div>\n\t\t\t\t<\/div>\n\t\t\t\t<div class=\"elementor-element elementor-element-31d6e08 elementor-widget elementor-widget-image\" data-id=\"31d6e08\" data-element_type=\"widget\" data-e-type=\"widget\" data-widget_type=\"image.default\">\n\t\t\t\t<div class=\"elementor-widget-container\">\n\t\t\t\t\t\t\t\t\t\t\t\t\t\t\t<img loading=\"lazy\" decoding=\"async\" width=\"1024\" height=\"819\" src=\"https:\/\/www.scoalagimnazialaanastasiepanuhusi.ro\/wp-content\/uploads\/2024\/12\/WhatsApp-Image-2024-11-29-at-13.15.36_51feff13-2-1024x819.jpg\" class=\"attachment-large size-large wp-image-1053\" alt=\"\" srcset=\"https:\/\/www.scoalagimnazialaanastasiepanuhusi.ro\/wp-content\/uploads\/2024\/12\/WhatsApp-Image-2024-11-29-at-13.15.36_51feff13-2-1024x819.jpg 1024w, https:\/\/www.scoalagimnazialaanastasiepanuhusi.ro\/wp-content\/uploads\/2024\/12\/WhatsApp-Image-2024-11-29-at-13.15.36_51feff13-2-300x240.jpg 300w, https:\/\/www.scoalagimnazialaanastasiepanuhusi.ro\/wp-content\/uploads\/2024\/12\/WhatsApp-Image-2024-11-29-at-13.15.36_51feff13-2-768x614.jpg 768w, https:\/\/www.scoalagimnazialaanastasiepanuhusi.ro\/wp-content\/uploads\/2024\/12\/WhatsApp-Image-2024-11-29-at-13.15.36_51feff13-2-1536x1229.jpg 1536w, https:\/\/www.scoalagimnazialaanastasiepanuhusi.ro\/wp-content\/uploads\/2024\/12\/WhatsApp-Image-2024-11-29-at-13.15.36_51feff13-2.jpg 1600w\" sizes=\"(max-width: 1024px) 100vw, 1024px\" \/>\t\t\t\t\t\t\t\t\t\t\t\t\t\t\t<\/div>\n\t\t\t\t<\/div>\n\t\t\t\t<div class=\"elementor-element elementor-element-202b68f elementor-widget elementor-widget-image\" data-id=\"202b68f\" data-element_type=\"widget\" data-e-type=\"widget\" data-widget_type=\"image.default\">\n\t\t\t\t<div class=\"elementor-widget-container\">\n\t\t\t\t\t\t\t\t\t\t\t\t\t\t\t<img loading=\"lazy\" decoding=\"async\" width=\"1024\" height=\"819\" src=\"https:\/\/www.scoalagimnazialaanastasiepanuhusi.ro\/wp-content\/uploads\/2024\/12\/WhatsApp-Image-2024-11-29-at-13.15.36_b0d8a54a-2-1024x819.jpg\" class=\"attachment-large size-large wp-image-1057\" alt=\"\" srcset=\"https:\/\/www.scoalagimnazialaanastasiepanuhusi.ro\/wp-content\/uploads\/2024\/12\/WhatsApp-Image-2024-11-29-at-13.15.36_b0d8a54a-2-1024x819.jpg 1024w, https:\/\/www.scoalagimnazialaanastasiepanuhusi.ro\/wp-content\/uploads\/2024\/12\/WhatsApp-Image-2024-11-29-at-13.15.36_b0d8a54a-2-300x240.jpg 300w, https:\/\/www.scoalagimnazialaanastasiepanuhusi.ro\/wp-content\/uploads\/2024\/12\/WhatsApp-Image-2024-11-29-at-13.15.36_b0d8a54a-2-768x614.jpg 768w, https:\/\/www.scoalagimnazialaanastasiepanuhusi.ro\/wp-content\/uploads\/2024\/12\/WhatsApp-Image-2024-11-29-at-13.15.36_b0d8a54a-2-1536x1229.jpg 1536w, https:\/\/www.scoalagimnazialaanastasiepanuhusi.ro\/wp-content\/uploads\/2024\/12\/WhatsApp-Image-2024-11-29-at-13.15.36_b0d8a54a-2.jpg 1600w\" sizes=\"(max-width: 1024px) 100vw, 1024px\" \/>\t\t\t\t\t\t\t\t\t\t\t\t\t\t\t<\/div>\n\t\t\t\t<\/div>\n\t\t\t\t<div class=\"elementor-element elementor-element-d6dcd98 elementor-widget elementor-widget-image\" data-id=\"d6dcd98\" data-element_type=\"widget\" data-e-type=\"widget\" data-widget_type=\"image.default\">\n\t\t\t\t<div class=\"elementor-widget-container\">\n\t\t\t\t\t\t\t\t\t\t\t\t\t\t\t<img loading=\"lazy\" decoding=\"async\" width=\"1024\" height=\"819\" src=\"https:\/\/www.scoalagimnazialaanastasiepanuhusi.ro\/wp-content\/uploads\/2024\/12\/WhatsApp-Image-2024-11-29-at-13.15.36_7d0003b0-2-1024x819.jpg\" class=\"attachment-large size-large wp-image-1059\" alt=\"\" srcset=\"https:\/\/www.scoalagimnazialaanastasiepanuhusi.ro\/wp-content\/uploads\/2024\/12\/WhatsApp-Image-2024-11-29-at-13.15.36_7d0003b0-2-1024x819.jpg 1024w, https:\/\/www.scoalagimnazialaanastasiepanuhusi.ro\/wp-content\/uploads\/2024\/12\/WhatsApp-Image-2024-11-29-at-13.15.36_7d0003b0-2-300x240.jpg 300w, https:\/\/www.scoalagimnazialaanastasiepanuhusi.ro\/wp-content\/uploads\/2024\/12\/WhatsApp-Image-2024-11-29-at-13.15.36_7d0003b0-2-768x614.jpg 768w, https:\/\/www.scoalagimnazialaanastasiepanuhusi.ro\/wp-content\/uploads\/2024\/12\/WhatsApp-Image-2024-11-29-at-13.15.36_7d0003b0-2-1536x1229.jpg 1536w, https:\/\/www.scoalagimnazialaanastasiepanuhusi.ro\/wp-content\/uploads\/2024\/12\/WhatsApp-Image-2024-11-29-at-13.15.36_7d0003b0-2.jpg 1600w\" sizes=\"(max-width: 1024px) 100vw, 1024px\" \/>\t\t\t\t\t\t\t\t\t\t\t\t\t\t\t<\/div>\n\t\t\t\t<\/div>\n\t\t\t\t<div class=\"elementor-element elementor-element-ee466c3 elementor-widget elementor-widget-image\" data-id=\"ee466c3\" data-element_type=\"widget\" data-e-type=\"widget\" data-widget_type=\"image.default\">\n\t\t\t\t<div class=\"elementor-widget-container\">\n\t\t\t\t\t\t\t\t\t\t\t\t\t\t\t<img loading=\"lazy\" decoding=\"async\" width=\"1024\" height=\"819\" src=\"https:\/\/www.scoalagimnazialaanastasiepanuhusi.ro\/wp-content\/uploads\/2024\/12\/WhatsApp-Image-2024-11-29-at-13.15.36_5bcdd589-2-1024x819.jpg\" class=\"attachment-large size-large wp-image-1056\" alt=\"\" srcset=\"https:\/\/www.scoalagimnazialaanastasiepanuhusi.ro\/wp-content\/uploads\/2024\/12\/WhatsApp-Image-2024-11-29-at-13.15.36_5bcdd589-2-1024x819.jpg 1024w, https:\/\/www.scoalagimnazialaanastasiepanuhusi.ro\/wp-content\/uploads\/2024\/12\/WhatsApp-Image-2024-11-29-at-13.15.36_5bcdd589-2-300x240.jpg 300w, https:\/\/www.scoalagimnazialaanastasiepanuhusi.ro\/wp-content\/uploads\/2024\/12\/WhatsApp-Image-2024-11-29-at-13.15.36_5bcdd589-2-768x614.jpg 768w, https:\/\/www.scoalagimnazialaanastasiepanuhusi.ro\/wp-content\/uploads\/2024\/12\/WhatsApp-Image-2024-11-29-at-13.15.36_5bcdd589-2-1536x1229.jpg 1536w, https:\/\/www.scoalagimnazialaanastasiepanuhusi.ro\/wp-content\/uploads\/2024\/12\/WhatsApp-Image-2024-11-29-at-13.15.36_5bcdd589-2.jpg 1600w\" sizes=\"(max-width: 1024px) 100vw, 1024px\" \/>\t\t\t\t\t\t\t\t\t\t\t\t\t\t\t<\/div>\n\t\t\t\t<\/div>\n\t\t\t\t\t<\/div>\n\t\t<\/div>\n\t\t\t\t\t<\/div>\n\t\t<\/section>\n\t\t\t\t<\/div>\n\t\t","protected":false},"excerpt":{"rendered":"<p>\u2018\u2019LET\u2019S COOK HEALTHY!\u201d eTwinning PROJECT Comunitatea eTwinning faciliteaz\u0103 accesul cadrelor didactice la un mediu virtual de colaborare \u0219i schimb de experien\u021b\u0103, la parteneriate cu al\u021bi profesori \u0219i la activit\u0103\u021bi de formare profesional\u0103 al\u0103turi de colegi din \u021b\u0103rile europene. \u00cen perioada 2024-2025 elevii claselor a II-a D \u0219i a VII-a A\u00a0\u00a0 de la \u0218coala Gimnazial\u0103 ,,Anastasie [&hellip;]<\/p>\n","protected":false},"author":1,"featured_media":0,"parent":0,"menu_order":0,"comment_status":"closed","ping_status":"closed","template":"","meta":{"site-sidebar-layout":"no-sidebar","site-content-layout":"page-builder","ast-site-content-layout":"full-width-container","site-content-style":"unboxed","site-sidebar-style":"unboxed","ast-global-header-display":"","ast-banner-title-visibility":"","ast-main-header-display":"","ast-hfb-above-header-display":"","ast-hfb-below-header-display":"","ast-hfb-mobile-header-display":"","site-post-title":"disabled","ast-breadcrumbs-content":"","ast-featured-img":"disabled","footer-sml-layout":"","ast-disable-related-posts":"","theme-transparent-header-meta":"","adv-header-id-meta":"","stick-header-meta":"","header-above-stick-meta":"","header-main-stick-meta":"","header-below-stick-meta":"","astra-migrate-meta-layouts":"set","ast-page-background-enabled":"default","ast-page-background-meta":{"desktop":{"background-color":"","background-image":"","background-repeat":"repeat","background-position":"center center","background-size":"auto","background-attachment":"scroll","background-type":"","background-media":"","overlay-type":"","overlay-color":"","overlay-opacity":"","overlay-gradient":""},"tablet":{"background-color":"","background-image":"","background-repeat":"repeat","background-position":"center center","background-size":"auto","background-attachment":"scroll","background-type":"","background-media":"","overlay-type":"","overlay-color":"","overlay-opacity":"","overlay-gradient":""},"mobile":{"background-color":"","background-image":"","background-repeat":"repeat","background-position":"center center","background-size":"auto","background-attachment":"scroll","background-type":"","background-media":"","overlay-type":"","overlay-color":"","overlay-opacity":"","overlay-gradient":""}},"ast-content-background-meta":{"desktop":{"background-color":"var(--ast-global-color-5)","background-image":"","background-repeat":"repeat","background-position":"center center","background-size":"auto","background-attachment":"scroll","background-type":"","background-media":"","overlay-type":"","overlay-color":"","overlay-opacity":"","overlay-gradient":""},"tablet":{"background-color":"var(--ast-global-color-5)","background-image":"","background-repeat":"repeat","background-position":"center center","background-size":"auto","background-attachment":"scroll","background-type":"","background-media":"","overlay-type":"","overlay-color":"","overlay-opacity":"","overlay-gradient":""},"mobile":{"background-color":"var(--ast-global-color-5)","background-image":"","background-repeat":"repeat","background-position":"center center","background-size":"auto","background-attachment":"scroll","background-type":"","background-media":"","overlay-type":"","overlay-color":"","overlay-opacity":"","overlay-gradient":""}},"footnotes":""},"class_list":["post-1033","page","type-page","status-publish","hentry"],"_links":{"self":[{"href":"https:\/\/www.scoalagimnazialaanastasiepanuhusi.ro\/index.php?rest_route=\/wp\/v2\/pages\/1033","targetHints":{"allow":["GET"]}}],"collection":[{"href":"https:\/\/www.scoalagimnazialaanastasiepanuhusi.ro\/index.php?rest_route=\/wp\/v2\/pages"}],"about":[{"href":"https:\/\/www.scoalagimnazialaanastasiepanuhusi.ro\/index.php?rest_route=\/wp\/v2\/types\/page"}],"author":[{"embeddable":true,"href":"https:\/\/www.scoalagimnazialaanastasiepanuhusi.ro\/index.php?rest_route=\/wp\/v2\/users\/1"}],"replies":[{"embeddable":true,"href":"https:\/\/www.scoalagimnazialaanastasiepanuhusi.ro\/index.php?rest_route=%2Fwp%2Fv2%2Fcomments&post=1033"}],"version-history":[{"count":6,"href":"https:\/\/www.scoalagimnazialaanastasiepanuhusi.ro\/index.php?rest_route=\/wp\/v2\/pages\/1033\/revisions"}],"predecessor-version":[{"id":1224,"href":"https:\/\/www.scoalagimnazialaanastasiepanuhusi.ro\/index.php?rest_route=\/wp\/v2\/pages\/1033\/revisions\/1224"}],"wp:attachment":[{"href":"https:\/\/www.scoalagimnazialaanastasiepanuhusi.ro\/index.php?rest_route=%2Fwp%2Fv2%2Fmedia&parent=1033"}],"curies":[{"name":"wp","href":"https:\/\/api.w.org\/{rel}","templated":true}]}}